{"id":31,"date":"2022-03-06T14:04:41","date_gmt":"2022-03-06T14:04:41","guid":{"rendered":"https:\/\/piedlflotta.hu\/?page_id=31"},"modified":"2025-03-31T12:14:59","modified_gmt":"2025-03-31T12:14:59","slug":"kezdooldal","status":"publish","type":"page","link":"https:\/\/piedlflotta.hu\/","title":{"rendered":"Kezd\u0151oldal"},"content":{"rendered":"<p>[et_pb_section fb_built=&#8221;1&#8243; _builder_version=&#8221;4.16&#8243; _module_preset=&#8221;default&#8221; width=&#8221;100%&#8221; max_width=&#8221;1280px&#8221; max_width_tablet=&#8221;100%&#8221; max_width_phone=&#8221;100%&#8221; max_width_last_edited=&#8221;on|desktop&#8221; module_alignment=&#8221;center&#8221; overflow-x=&#8221;visible&#8221; overflow-y=&#8221;visible&#8221; custom_padding=&#8221;0px||0px||true|false&#8221; custom_css_main_element=&#8221;position: fixed;||top: 0;||left: 0;||right: 0;&#8221; border_radii=&#8221;off|||50px|50px&#8221; border_radii_tablet=&#8221;off|||50px|50px&#8221; border_radii_phone=&#8221;off|||50px|50px&#8221; border_radii_last_edited=&#8221;on|desktop&#8221; box_shadow_style=&#8221;preset1&#8243; box_shadow_blur=&#8221;60px&#8221; box_shadow_color=&#8221;rgba(0,0,0,0.13)&#8221; global_colors_info=&#8221;{}&#8221;][et_pb_row column_structure=&#8221;1_5,1_5,1_5,1_5,1_5&#8243; use_custom_gutter=&#8221;on&#8221; gutter_width=&#8221;1&#8243; disabled_on=&#8221;on|off|off&#8221; _builder_version=&#8221;4.16&#8243; _module_preset=&#8221;default&#8221; background_color=&#8221;#21aa1e&#8221; use_background_color_gradient=&#8221;on&#8221; background_color_gradient_stops=&#8221;#488422 0%|#08aa00 100%&#8221; background_color_gradient_start=&#8221;#488422&#8243; background_color_gradient_end=&#8221;#08aa00&#8243; width=&#8221;100%&#8221; max_width=&#8221;100%&#8221; custom_margin=&#8221;||||false|false&#8221; custom_padding=&#8221;20px||20px||false|false&#8221; custom_css_main_element=&#8221;display: flex;&#8221; global_colors_info=&#8221;{}&#8221;][et_pb_column type=&#8221;1_5&#8243; _builder_version=&#8221;4.16&#8243; _module_preset=&#8221;default&#8221; global_colors_info=&#8221;{}&#8221;][et_pb_text _builder_version=&#8221;4.16&#8243; _module_preset=&#8221;default&#8221; text_font=&#8221;Teko||||||||&#8221; text_font_size=&#8221;30px&#8221; text_line_height=&#8221;0em&#8221; background_layout=&#8221;dark&#8221; text_text_shadow_style=&#8221;preset1&#8243; global_colors_info=&#8221;{}&#8221;]<\/p>\n<p style=\"text-align: center;\">PIEDL<\/p>\n<p style=\"text-align: center;\">FLOTTA<\/p>\n<p>[\/et_pb_text][\/et_pb_column][et_pb_column type=&#8221;1_5&#8243; _builder_version=&#8221;4.16&#8243; _module_preset=&#8221;default&#8221; global_colors_info=&#8221;{}&#8221;][et_pb_text _builder_version=&#8221;4.16&#8243; _module_preset=&#8221;default&#8221; text_font=&#8221;Teko||||||||&#8221; text_text_color=&#8221;#FFFFFF&#8221; text_font_size=&#8221;18px&#8221; text_line_height=&#8221;0em&#8221; custom_padding=&#8221;15px||15px||true|false&#8221; text_text_shadow_style=&#8221;preset2&#8243; global_colors_info=&#8221;{}&#8221;]<\/p>\n<p style=\"text-align: center;\"><a href=\"tel: +36302788846\" rel=\"nofollow\">\u00c9rt\u00e9kes\u00edt\u00e9s \u00a0<\/a><a href=\"tel: +36302788846\" rel=\"nofollow\">+36 30 278 8846<\/a><\/p>\n<p>[\/et_pb_text][\/et_pb_column][et_pb_column type=&#8221;1_5&#8243; _builder_version=&#8221;4.16&#8243; _module_preset=&#8221;default&#8221; global_colors_info=&#8221;{}&#8221;][et_pb_text _builder_version=&#8221;4.16&#8243; _module_preset=&#8221;default&#8221; text_font=&#8221;Teko||||||||&#8221; text_text_color=&#8221;#FFFFFF&#8221; text_font_size=&#8221;18px&#8221; text_line_height=&#8221;0em&#8221; custom_padding=&#8221;15px||15px||true|false&#8221; link_option_url=&#8221;https:\/\/piedlflotta.hu\/index.php\/ajanlatkeres\/&#8221; text_text_shadow_style=&#8221;preset2&#8243; global_colors_info=&#8221;{}&#8221;]<\/p>\n<p style=\"text-align: left;\">info@piedl-flotta.hu<\/p>\n<p>[\/et_pb_text][\/et_pb_column][et_pb_column type=&#8221;1_5&#8243; _builder_version=&#8221;4.16&#8243; _module_preset=&#8221;default&#8221; global_colors_info=&#8221;{}&#8221;][et_pb_text _builder_version=&#8221;4.16&#8243; _module_preset=&#8221;default&#8221; text_font=&#8221;Teko||||||||&#8221; text_text_color=&#8221;#FFFFFF&#8221; text_font_size=&#8221;18px&#8221; text_line_height=&#8221;0em&#8221; custom_padding=&#8221;15px||15px||true|false&#8221; text_text_shadow_style=&#8221;preset2&#8243; global_colors_info=&#8221;{}&#8221;]<\/p>\n<p style=\"text-align: right;\"><a href=\"tel: +36204024548\" rel=\"nofollow\">Szerviz id\u0151pont <\/a><a href=\"tel: +36204024548\" rel=\"nofollow\">+36 20 402 4548<\/a><\/p>\n<p>[\/et_pb_text][\/et_pb_column][et_pb_column type=&#8221;1_5&#8243; _builder_version=&#8221;4.16&#8243; _module_preset=&#8221;default&#8221; global_colors_info=&#8221;{}&#8221;][et_pb_text _builder_version=&#8221;4.16&#8243; _module_preset=&#8221;default&#8221; text_font=&#8221;Teko||||||||&#8221; text_text_color=&#8221;#FFFFFF&#8221; text_font_size=&#8221;18px&#8221; text_line_height=&#8221;0em&#8221; custom_padding=&#8221;15px||15px||false|false&#8221; link_option_url=&#8221;https:\/\/piedlflotta.hu\/index.php\/szerviz\/&#8221; text_text_shadow_style=&#8221;preset2&#8243; global_colors_info=&#8221;{}&#8221;]<\/p>\n<p style=\"text-align: center;\">service@piedl-flotta.hu<\/p>\n<p>[\/et_pb_text][\/et_pb_column][\/et_pb_row][et_pb_row use_custom_gutter=&#8221;on&#8221; gutter_width=&#8221;1&#8243; _builder_version=&#8221;4.16&#8243; _module_preset=&#8221;default&#8221; width=&#8221;100%&#8221; max_width=&#8221;100%&#8221; custom_padding=&#8221;0px||0px||true|false&#8221; border_radii=&#8221;off|||50px|50px&#8221; global_colors_info=&#8221;{}&#8221;][et_pb_column type=&#8221;4_4&#8243; _builder_version=&#8221;4.16&#8243; _module_preset=&#8221;default&#8221; global_colors_info=&#8221;{}&#8221;][et_pb_menu menu_style=&#8221;centered&#8221; active_link_color=&#8221;#21aa1e&#8221; logo_width=&#8221;100%&#8221; _builder_version=&#8221;4.16&#8243; _module_preset=&#8221;default&#8221; menu_font=&#8221;Teko||||||||&#8221; menu_font_size=&#8221;18px&#8221; module_alignment=&#8221;center&#8221; custom_padding=&#8221;||||false|false&#8221; global_colors_info=&#8221;{}&#8221;][\/et_pb_menu][\/et_pb_column][\/et_pb_row][\/et_pb_section][et_pb_section fb_built=&#8221;1&#8243; custom_padding_last_edited=&#8221;on|tablet&#8221; admin_label=&#8221;Hero&#8221; _builder_version=&#8221;4.27.4&#8243; use_background_color_gradient=&#8221;on&#8221; background_color_gradient_stops=&#8221;rgba(27,31,37,0) 0%|#1b1f25 100%&#8221; background_color_gradient_overlays_image=&#8221;on&#8221; background_color_gradient_start=&#8221;rgba(27,31,37,0)&#8221; background_color_gradient_end=&#8221;#1b1f25&#8243; background_image=&#8221;https:\/\/piedlflotta.hu\/wp-content\/uploads\/2025\/02\/Skoda_Octavia_Joy_130_1000x600_KEZDOOLDAL.jpg&#8221; custom_margin=&#8221;0px|||&#8221; custom_padding=&#8221;0px|10%|0px|10%|true|true&#8221; custom_padding_tablet=&#8221;|30px||30px||true&#8221; custom_padding_phone=&#8221;|||||true&#8221; bottom_divider_color=&#8221;#000000&#8243; global_colors_info=&#8221;{}&#8221;][et_pb_row padding_top_bottom_link_1=&#8221;true&#8221; padding_left_right_link_1=&#8221;true&#8221; _builder_version=&#8221;4.16&#8243; background_size=&#8221;initial&#8221; background_position=&#8221;top_left&#8221; width=&#8221;100%&#8221; max_width=&#8221;100%&#8221; custom_margin=&#8221;|||&#8221; custom_padding=&#8221;0||0px||false|false&#8221; use_custom_width=&#8221;on&#8221; width_unit=&#8221;off&#8221; custom_width_percent=&#8221;100%&#8221; global_colors_info=&#8221;{}&#8221;][et_pb_column type=&#8221;4_4&#8243; _builder_version=&#8221;4.16&#8243; use_background_color_gradient=&#8221;on&#8221; background_color_gradient_stops=&#8221;rgba(0,0,0,0.12) 0%|rgba(255,255,255,0) 100%&#8221; background_color_gradient_start=&#8221;rgba(0,0,0,0.12)&#8221; background_color_gradient_end=&#8221;rgba(255,255,255,0)&#8221; custom_padding=&#8221;12vw|40px|12vw|40px&#8221; custom_padding_tablet=&#8221;|||&#8221; custom_padding_phone=&#8221;|10px||10px||true&#8221; custom_padding_last_edited=&#8221;on|desktop&#8221; global_colors_info=&#8221;{}&#8221; padding_phone=&#8221;|10px||10px||true&#8221; padding_tablet=&#8221;|||&#8221; padding_last_edited=&#8221;on|desktop&#8221; custom_padding__hover=&#8221;|||&#8221;][et_pb_text _builder_version=&#8221;4.27.4&#8243; text_font=&#8221;Teko||||||||&#8221; text_font_size=&#8221;120px&#8221; text_line_height=&#8221;1em&#8221; header_font=&#8221;Teko|500||on|||||&#8221; header_font_size=&#8221;9vw&#8221; header_letter_spacing=&#8221;0.05em&#8221; header_line_height=&#8221;0.9em&#8221; background_layout=&#8221;dark&#8221; custom_margin=&#8221;|-10vw|0px|&#8221; custom_margin_tablet=&#8221;|0vw||&#8221; custom_margin_phone=&#8221;|-5vw||&#8221; custom_margin_last_edited=&#8221;on|tablet&#8221; animation_style=&#8221;zoom&#8221; animation_delay=&#8221;100ms&#8221; animation_intensity_zoom=&#8221;10%&#8221; header_font_size_tablet=&#8221;&#8221; header_font_size_phone=&#8221;&#8221; header_font_size_last_edited=&#8221;on|phone&#8221; header_line_height_tablet=&#8221;&#8221; header_line_height_phone=&#8221;1.2em&#8221; header_line_height_last_edited=&#8221;on|phone&#8221; text_text_shadow_style=&#8221;preset1&#8243; header_text_shadow_style=&#8221;preset1&#8243; header_text_shadow_vertical_length=&#8221;0.18em&#8221; header_text_shadow_blur_strength=&#8221;0.27em&#8221; header_text_shadow_color=&#8221;rgba(0,0,0,0.38)&#8221; global_colors_info=&#8221;{}&#8221;]<\/p>\n<p>A Veszpr\u00e9m-Balaton r\u00e9gi\u00f3 flottakezel\u0151je<\/p>\n<p>[\/et_pb_text][et_pb_text _builder_version=&#8221;4.27.4&#8243; text_font=&#8221;Lato||||||||&#8221; text_font_size=&#8221;20px&#8221; text_line_height=&#8221;1.8em&#8221; header_font=&#8221;||||||||&#8221; background_layout=&#8221;dark&#8221; custom_margin=&#8221;||60px|10vw&#8221; custom_margin_tablet=&#8221;|||0px&#8221; custom_margin_phone=&#8221;&#8221; custom_margin_last_edited=&#8221;on|tablet&#8221; animation_style=&#8221;slide&#8221; animation_direction=&#8221;left&#8221; animation_intensity_slide=&#8221;10%&#8221; locked=&#8221;off&#8221; global_colors_info=&#8221;{}&#8221;]<\/p>\n<p>\u00dcdv\u00f6z\u00f6lj\u00fck honlapunkon! Mobilit\u00e1s: az \u0151skor \u00f3ta az egyik legfontosabb dolog az ember \u00e9let\u00e9ben. \u00cdgy van ez szinte minden v\u00e1llalkoz\u00e1s \u00e9let\u00e9ben is. Viszont a mobilit\u00e1s megszervez\u00e9se, menedzsel\u00e9se, optimaliz\u00e1l\u00e1sa nem is olyan egyszer\u0171 feladat, mint amilyennek els\u0151re t\u0171nhet. A mobilit\u00e1s k\u00f6zel sem csak arr\u00f3l sz\u00f3l, hogy p\u00e1r \u00e9vente vesz\u00fcnk egy aut\u00f3t, azt\u00e1n lecser\u00e9lj\u00fck. Egy aut\u00f3 \u00fczemeltet\u00e9se sokkal \u00f6sszetetteb feladat, magas fok\u00fa szaktud\u00e1st ig\u00e9nyel. Term\u00e9szetesen minden tanulhat\u00f3, de ne feledkezz\u00fcnk meg az ezzel j\u00e1r\u00f3 adminisztr\u00e1ci\u00f3 munkaer\u0151-k\u00f6lts\u00e9g\u00e9r\u0151l, vagy az ezzel j\u00e1r\u00f3 termel\u00e9siid\u0151 kies\u00e9s\u00e9r\u0151l, ami a v\u00e1llalkoz\u00e1s profitabilit\u00e1s\u00e1t cs\u00f6kkenti.<\/p>\n<p>&nbsp;<\/p>\n<p>Ebben ny\u00fajt szakszer\u0171 seg\u00edts\u00e9get a Piedl Flotta szak\u00e9rt\u0151 csapata. Minden v\u00e1llalkoz\u00e1s egyedi: ez\u00e9rt mi arra t\u00f6reksz\u00fcnk, hogy az \u00d6n \u00e9s c\u00e9ge elk\u00e9pzel\u00e9seihez legk\u00f6zelebb \u00e1ll\u00f3 megold\u00e1st tal\u00e1ljuk meg a mobilit\u00e1s tekintet\u00e9ben! Hisz\u00fcnk a szem\u00e9lyes egyeztet\u00e9s var\u00e1zs\u00e1ban, a szem\u00e9lyes tal\u00e1lkoz\u00f3 \u00e9s az abb\u00f3l fakad\u00f3 k\u00f6tetlen besz\u00e9lget\u00e9s erej\u00e9ben. Ez\u00e9rt f\u00f3kusz\u00e1lunk els\u0151 sorban t\u00e9rs\u00e9g\u00fcnk, a Veszpr\u00e9m-Balaton r\u00e9gi\u00f3 kis- \u00e9s k\u00f6z\u00e9pv\u00e1llalkoz\u00e1saira. \u00c9rt\u00e9kes\u00edt\u0151 munkat\u00e1rasink ig\u00e9ny eset\u00e9n az \u00d6n c\u00e9ge telephely\u00e9n, szem\u00e9lyesen t\u00e9rk\u00e9pezik fel a pontos mobilit\u00e1si ig\u00e9nyeit \u00e9s ennek t\u00fckr\u00e9ben tesznek javaslatot az esetleges egy\u00fcttm\u0171k\u00f6d\u00e9sre. De term\u00e9szetesen minden \u00e9rdekl\u0151d\u0151 partner\u00fcnket szeretettel v\u00e1rjuk saj\u00e1t \u201eb\u00e1zisunkon\u201d is: a veszpr\u00e9mi Skoda m\u00e1rkakeresked\u00e9sben.<\/p>\n<p>&nbsp;<\/p>\n<p>Mi itt vagyunk, helyben vagyunk, el\u00e9rhet\u0151ek vagyunk, nem csak a szerz\u0151d\u00e9sk\u00f6t\u00e9sig, hanem a teljes \u00fczemeltet\u00e9s alatt is! \u00d6tv\u00f6zz\u00fck a multinacion\u00e1lis szeml\u00e9letm\u00f3d minden el\u0151ny\u00e9t a szem\u00e9lyes kapcsolattart\u00e1ssal \u00e9s helyi piaci k\u00f6rnyezet saj\u00e1toss\u00e1gainak ismeret\u00e9vel. Mott\u00f3nk: PONTOSS\u00c1G, GYORSAS\u00c1G, EMBERK\u00d6ZPONT\u00daS\u00c1G. Tegyen minket pr\u00f3b\u00e1ra!<\/p>\n<p>[\/et_pb_text][\/et_pb_column][\/et_pb_row][\/et_pb_section]<\/p>\n","protected":false},"excerpt":{"rendered":"<p>PIEDL FLOTTA\u00c9rt\u00e9kes\u00edt\u00e9s \u00a0+36 30 278 8846info@piedl-flotta.huSzerviz id\u0151pont +36 20 402 4548service@piedl-flotta.huA Veszpr\u00e9m-Balaton r\u00e9gi\u00f3 flottakezel\u0151je\u00dcdv\u00f6z\u00f6lj\u00fck honlapunkon! Mobilit\u00e1s: az \u0151skor \u00f3ta az egyik legfontosabb dolog az ember \u00e9let\u00e9ben. \u00cdgy van ez szinte minden v\u00e1llalkoz\u00e1s \u00e9let\u00e9ben is. Viszont a mobilit\u00e1s megszervez\u00e9se, menedzsel\u00e9se, optimaliz\u00e1l\u00e1sa nem is olyan egyszer\u0171 feladat, mint amilyennek els\u0151re t\u0171nhet. A mobilit\u00e1s k\u00f6zel sem csak arr\u00f3l [&hellip;]<\/p>\n","protected":false},"author":1,"featured_media":0,"parent":0,"menu_order":0,"comment_status":"closed","ping_status":"closed","template":"","meta":{"_et_pb_use_builder":"on","_et_pb_old_content":"","_et_gb_content_width":"","footnotes":""},"class_list":["post-31","page","type-page","status-publish","hentry"],"yoast_head":"<!-- This site is optimized with the Yoast SEO plugin v27.5 - https:\/\/yoast.com\/product\/yoast-seo-wordpress\/ -->\n<title>Kezd\u0151oldal - Piedl Flotta<\/title>\n<meta name=\"robots\" content=\"index, follow, max-snippet:-1, max-image-preview:large, max-video-preview:-1\" \/>\n<link rel=\"canonical\" href=\"https:\/\/piedlflotta.hu\/\" \/>\n<meta property=\"og:locale\" content=\"hu_HU\" \/>\n<meta property=\"og:type\" content=\"article\" \/>\n<meta property=\"og:title\" content=\"Kezd\u0151oldal - Piedl Flotta\" \/>\n<meta property=\"og:description\" content=\"PIEDL FLOTTA\u00c9rt\u00e9kes\u00edt\u00e9s \u00a0+36 30 278 8846info@piedl-flotta.huSzerviz id\u0151pont +36 20 402 4548service@piedl-flotta.huA Veszpr\u00e9m-Balaton r\u00e9gi\u00f3 flottakezel\u0151je\u00dcdv\u00f6z\u00f6lj\u00fck honlapunkon! Mobilit\u00e1s: az \u0151skor \u00f3ta az egyik legfontosabb dolog az ember \u00e9let\u00e9ben. \u00cdgy van ez szinte minden v\u00e1llalkoz\u00e1s \u00e9let\u00e9ben is. Viszont a mobilit\u00e1s megszervez\u00e9se, menedzsel\u00e9se, optimaliz\u00e1l\u00e1sa nem is olyan egyszer\u0171 feladat, mint amilyennek els\u0151re t\u0171nhet. A mobilit\u00e1s k\u00f6zel sem csak arr\u00f3l [&hellip;]\" \/>\n<meta property=\"og:url\" content=\"https:\/\/piedlflotta.hu\/\" \/>\n<meta property=\"og:site_name\" content=\"Piedl Flotta\" \/>\n<meta property=\"article:modified_time\" content=\"2025-03-31T12:14:59+00:00\" \/>\n<meta name=\"twitter:card\" content=\"summary_large_image\" \/>\n<meta name=\"twitter:label1\" content=\"Becs\u00fclt olvas\u00e1si id\u0151\" \/>\n\t<meta name=\"twitter:data1\" content=\"3 perc\" \/>\n<script type=\"application\/ld+json\" class=\"yoast-schema-graph\">{\"@context\":\"https:\\\/\\\/schema.org\",\"@graph\":[{\"@type\":\"WebPage\",\"@id\":\"https:\\\/\\\/piedlflotta.hu\\\/\",\"url\":\"https:\\\/\\\/piedlflotta.hu\\\/\",\"name\":\"Kezd\u0151oldal - Piedl Flotta\",\"isPartOf\":{\"@id\":\"https:\\\/\\\/piedlflotta.hu\\\/#website\"},\"datePublished\":\"2022-03-06T14:04:41+00:00\",\"dateModified\":\"2025-03-31T12:14:59+00:00\",\"breadcrumb\":{\"@id\":\"https:\\\/\\\/piedlflotta.hu\\\/#breadcrumb\"},\"inLanguage\":\"hu\",\"potentialAction\":[{\"@type\":\"ReadAction\",\"target\":[\"https:\\\/\\\/piedlflotta.hu\\\/\"]}]},{\"@type\":\"BreadcrumbList\",\"@id\":\"https:\\\/\\\/piedlflotta.hu\\\/#breadcrumb\",\"itemListElement\":[{\"@type\":\"ListItem\",\"position\":1,\"name\":\"Kezd\u0151lap\",\"item\":\"https:\\\/\\\/piedlflotta.hu\\\/\"},{\"@type\":\"ListItem\",\"position\":2,\"name\":\"Kezd\u0151oldal\"}]},{\"@type\":\"WebSite\",\"@id\":\"https:\\\/\\\/piedlflotta.hu\\\/#website\",\"url\":\"https:\\\/\\\/piedlflotta.hu\\\/\",\"name\":\"Piedl Flotta\",\"description\":\"Rent a Car\",\"potentialAction\":[{\"@type\":\"SearchAction\",\"target\":{\"@type\":\"EntryPoint\",\"urlTemplate\":\"https:\\\/\\\/piedlflotta.hu\\\/?s={search_term_string}\"},\"query-input\":{\"@type\":\"PropertyValueSpecification\",\"valueRequired\":true,\"valueName\":\"search_term_string\"}}],\"inLanguage\":\"hu\"}]}<\/script>\n<!-- \/ Yoast SEO plugin. -->","yoast_head_json":{"title":"Kezd\u0151oldal - Piedl Flotta","robots":{"index":"index","follow":"follow","max-snippet":"max-snippet:-1","max-image-preview":"max-image-preview:large","max-video-preview":"max-video-preview:-1"},"canonical":"https:\/\/piedlflotta.hu\/","og_locale":"hu_HU","og_type":"article","og_title":"Kezd\u0151oldal - Piedl Flotta","og_description":"PIEDL FLOTTA\u00c9rt\u00e9kes\u00edt\u00e9s \u00a0+36 30 278 8846info@piedl-flotta.huSzerviz id\u0151pont +36 20 402 4548service@piedl-flotta.huA Veszpr\u00e9m-Balaton r\u00e9gi\u00f3 flottakezel\u0151je\u00dcdv\u00f6z\u00f6lj\u00fck honlapunkon! Mobilit\u00e1s: az \u0151skor \u00f3ta az egyik legfontosabb dolog az ember \u00e9let\u00e9ben. \u00cdgy van ez szinte minden v\u00e1llalkoz\u00e1s \u00e9let\u00e9ben is. Viszont a mobilit\u00e1s megszervez\u00e9se, menedzsel\u00e9se, optimaliz\u00e1l\u00e1sa nem is olyan egyszer\u0171 feladat, mint amilyennek els\u0151re t\u0171nhet. A mobilit\u00e1s k\u00f6zel sem csak arr\u00f3l [&hellip;]","og_url":"https:\/\/piedlflotta.hu\/","og_site_name":"Piedl Flotta","article_modified_time":"2025-03-31T12:14:59+00:00","twitter_card":"summary_large_image","twitter_misc":{"Becs\u00fclt olvas\u00e1si id\u0151":"3 perc"},"schema":{"@context":"https:\/\/schema.org","@graph":[{"@type":"WebPage","@id":"https:\/\/piedlflotta.hu\/","url":"https:\/\/piedlflotta.hu\/","name":"Kezd\u0151oldal - Piedl Flotta","isPartOf":{"@id":"https:\/\/piedlflotta.hu\/#website"},"datePublished":"2022-03-06T14:04:41+00:00","dateModified":"2025-03-31T12:14:59+00:00","breadcrumb":{"@id":"https:\/\/piedlflotta.hu\/#breadcrumb"},"inLanguage":"hu","potentialAction":[{"@type":"ReadAction","target":["https:\/\/piedlflotta.hu\/"]}]},{"@type":"BreadcrumbList","@id":"https:\/\/piedlflotta.hu\/#breadcrumb","itemListElement":[{"@type":"ListItem","position":1,"name":"Kezd\u0151lap","item":"https:\/\/piedlflotta.hu\/"},{"@type":"ListItem","position":2,"name":"Kezd\u0151oldal"}]},{"@type":"WebSite","@id":"https:\/\/piedlflotta.hu\/#website","url":"https:\/\/piedlflotta.hu\/","name":"Piedl Flotta","description":"Rent a Car","potentialAction":[{"@type":"SearchAction","target":{"@type":"EntryPoint","urlTemplate":"https:\/\/piedlflotta.hu\/?s={search_term_string}"},"query-input":{"@type":"PropertyValueSpecification","valueRequired":true,"valueName":"search_term_string"}}],"inLanguage":"hu"}]}},"_links":{"self":[{"href":"https:\/\/piedlflotta.hu\/index.php\/wp-json\/wp\/v2\/pages\/31","targetHints":{"allow":["GET"]}}],"collection":[{"href":"https:\/\/piedlflotta.hu\/index.php\/wp-json\/wp\/v2\/pages"}],"about":[{"href":"https:\/\/piedlflotta.hu\/index.php\/wp-json\/wp\/v2\/types\/page"}],"author":[{"embeddable":true,"href":"https:\/\/piedlflotta.hu\/index.php\/wp-json\/wp\/v2\/users\/1"}],"replies":[{"embeddable":true,"href":"https:\/\/piedlflotta.hu\/index.php\/wp-json\/wp\/v2\/comments?post=31"}],"version-history":[{"count":17,"href":"https:\/\/piedlflotta.hu\/index.php\/wp-json\/wp\/v2\/pages\/31\/revisions"}],"predecessor-version":[{"id":640,"href":"https:\/\/piedlflotta.hu\/index.php\/wp-json\/wp\/v2\/pages\/31\/revisions\/640"}],"wp:attachment":[{"href":"https:\/\/piedlflotta.hu\/index.php\/wp-json\/wp\/v2\/media?parent=31"}],"curies":[{"name":"wp","href":"https:\/\/api.w.org\/{rel}","templated":true}]}}