{"id":239,"date":"2022-03-18T21:16:00","date_gmt":"2022-03-18T21:16:00","guid":{"rendered":"https:\/\/piedlflotta.hu\/?page_id=239"},"modified":"2022-03-24T20:33:15","modified_gmt":"2022-03-24T20:33:15","slug":"impresszum","status":"publish","type":"page","link":"https:\/\/piedlflotta.hu\/index.php\/impresszum\/","title":{"rendered":"Impresszum"},"content":{"rendered":"<p>[et_pb_section fb_built=&#8221;1&#8243; custom_padding_last_edited=&#8221;on|tablet&#8221; admin_label=&#8221;Hero&#8221; _builder_version=&#8221;4.14.8&#8243; use_background_color_gradient=&#8221;on&#8221; background_color_gradient_start=&#8221;rgba(255,255,255,0.9)&#8221; background_color_gradient_end=&#8221;#ffffff&#8221; background_color_gradient_overlays_image=&#8221;on&#8221; background_image=&#8221;https:\/\/piedlflotta.hu\/wp-content\/uploads\/2022\/03\/0210_023-min-scaled.jpg&#8221; custom_margin=&#8221;0px|||&#8221; custom_padding=&#8221;0px|10%|0px|10%|true|true&#8221; custom_padding_tablet=&#8221;|30px||30px||true&#8221; custom_padding_phone=&#8221;|||||true&#8221; locked=&#8221;off&#8221; global_colors_info=&#8221;{}&#8221;][et_pb_row column_structure=&#8221;2_3,1_3&#8243; padding_top_bottom_link_1=&#8221;true&#8221; padding_left_right_link_1=&#8221;true&#8221; _builder_version=&#8221;4.14.8&#8243; background_size=&#8221;initial&#8221; background_position=&#8221;top_left&#8221; width=&#8221;100%&#8221; max_width=&#8221;100%&#8221; custom_margin=&#8221;|||&#8221; custom_padding=&#8221;0||0px||false|false&#8221; border_style_all=&#8221;none&#8221; use_custom_width=&#8221;on&#8221; width_unit=&#8221;off&#8221; custom_width_percent=&#8221;100%&#8221; global_colors_info=&#8221;{}&#8221;][et_pb_column type=&#8221;2_3&#8243; _builder_version=&#8221;3.25&#8243; use_background_color_gradient=&#8221;on&#8221; background_color_gradient_start=&#8221;rgba(0,0,0,0.07)&#8221; background_color_gradient_end=&#8221;rgba(255,255,255,0)&#8221; custom_padding=&#8221;10vw|40px|10vw|40px&#8221; custom_padding_tablet=&#8221;|||&#8221; custom_padding_phone=&#8221;|10px||10px||true&#8221; custom_padding_last_edited=&#8221;on|desktop&#8221; global_colors_info=&#8221;{}&#8221; padding_phone=&#8221;|10px||10px||true&#8221; padding_tablet=&#8221;|||&#8221; padding_last_edited=&#8221;on|desktop&#8221; custom_padding__hover=&#8221;|||&#8221;][et_pb_text _builder_version=&#8221;4.14.8&#8243; text_font=&#8221;Lato||||||||&#8221; text_font_size=&#8221;20px&#8221; text_line_height=&#8221;1.8em&#8221; ul_font=&#8221;||||||||&#8221; ol_font=&#8221;||||||||&#8221; header_font=&#8221;Teko|500||on|||||&#8221; header_text_color=&#8221;#000000&#8243; header_font_size=&#8221;9vw&#8221; header_letter_spacing=&#8221;0.05em&#8221; header_line_height=&#8221;0.9em&#8221; custom_margin=&#8221;|-10vw|0px|&#8221; custom_margin_tablet=&#8221;|0vw||&#8221; custom_margin_phone=&#8221;|-5vw||&#8221; custom_margin_last_edited=&#8221;on|tablet&#8221; animation_style=&#8221;zoom&#8221; animation_delay=&#8221;100ms&#8221; animation_intensity_zoom=&#8221;10%&#8221; header_font_size_tablet=&#8221;&#8221; header_font_size_phone=&#8221;&#8221; header_font_size_last_edited=&#8221;on|phone&#8221; header_line_height_tablet=&#8221;&#8221; header_line_height_phone=&#8221;1.2em&#8221; header_line_height_last_edited=&#8221;on|phone&#8221; header_text_shadow_style=&#8221;preset1&#8243; header_text_shadow_vertical_length=&#8221;0.18em&#8221; header_text_shadow_blur_strength=&#8221;0.27em&#8221; header_text_shadow_color=&#8221;rgba(0,0,0,0.24)&#8221; global_colors_info=&#8221;{}&#8221;]<\/p>\n<h1>Impresszum<\/h1>\n<p>[\/et_pb_text][\/et_pb_column][et_pb_column type=&#8221;1_3&#8243; _builder_version=&#8221;3.25&#8243; custom_padding=&#8221;|||&#8221; global_colors_info=&#8221;{}&#8221; custom_padding__hover=&#8221;|||&#8221;][\/et_pb_column][\/et_pb_row][\/et_pb_section][et_pb_section fb_built=&#8221;1&#8243; prev_background_color=&#8221;#ffffff&#8221; _builder_version=&#8221;4.14.8&#8243; _module_preset=&#8221;default&#8221; background_image=&#8221;https:\/\/piedlflotta.hu\/wp-content\/uploads\/2022\/03\/oc_0029-min-scaled.jpg&#8221; top_divider_style=&#8221;slant2&#8243; bottom_divider_style=&#8221;slant2&#8243; bottom_divider_color=&#8221;#000000&#8243; global_colors_info=&#8221;{}&#8221;][et_pb_row _builder_version=&#8221;4.14.8&#8243; _module_preset=&#8221;default&#8221; background_color_gradient_start=&#8221;rgba(0,0,0,0.5)&#8221; background_color_gradient_end=&#8221;rgba(255,255,255,0)&#8221; hover_enabled=&#8221;0&#8243; global_colors_info=&#8221;{}&#8221; sticky_enabled=&#8221;0&#8243;][et_pb_column type=&#8221;4_4&#8243; _builder_version=&#8221;4.14.8&#8243; _module_preset=&#8221;default&#8221; global_colors_info=&#8221;{}&#8221;][et_pb_text _builder_version=&#8221;4.14.8&#8243; _module_preset=&#8221;default&#8221; text_font_size=&#8221;20px&#8221; background_enable_color=&#8221;off&#8221; background_layout=&#8221;dark&#8221; hover_enabled=&#8221;0&#8243; global_colors_info=&#8221;{}&#8221; sticky_enabled=&#8221;0&#8243; text_font=&#8221;Lato||||||||&#8221;]<\/p>\n<p><strong>C\u00e9gn\u00e9v: Piedl Kft.<\/strong><\/p>\n<p><strong>C\u00e9g sz\u00e9khelye: 8200 Veszpr\u00e9m, Gladsaxe u. 4.<\/strong><\/p>\n<p><strong>C\u00e9gforma: Korl\u00e1tolt Felel\u0151s\u00e9g\u0171 T\u00e1rsas\u00e1g<\/strong><\/p>\n<p><strong>Telefonsz\u00e1m: +36 88\u00a0576 500<\/strong><\/p>\n<p><strong>Faxsz\u00e1m: + 36 88\u00a0576 501<\/strong><\/p>\n<p><strong>E-mail: skoda@autopiedl.hu<\/strong><\/p>\n<p><strong>C\u00e9gjegyz\u00e9ksz\u00e1m: 19-09-500\u00a0436<\/strong><\/p>\n<p><strong>Ad\u00f3sz\u00e1m: 10665497-2-19<\/strong><\/p>\n<p><strong>KSH-azonos\u00edt\u00f3: 10665497-4511-113-19<\/strong><\/p>\n<p><strong>Banksz\u00e1mlasz\u00e1m: 10920002-00000004-80200008<\/strong><\/p>\n<p><strong>UST-ID: HU10665497<\/strong><\/p>\n<p><strong>Eur\u00f3pai Egyedi Azonos\u00edt\u00f3: HUOCCSZ.19-09-500436<\/strong><\/p>\n<p><strong>IBAN sz\u00e1m: HU24 1092 0002 0000 0004 8020 0008<\/strong><\/p>\n<p><strong>BIC: BACXHUHB<\/strong><\/p>\n<p><strong>Joghat\u00f3s\u00e1g: Veszpr\u00e9mi T\u00f6rv\u00e9nysz\u00e9k C\u00e9gb\u00edr\u00f3s\u00e1ga<\/strong><\/p>\n<p><strong>B\u00e9k\u00e9ltet\u0151 test\u00fclet: Veszpr\u00e9m Megyei Kereskedelmi \u00e9s Iparkamara<\/strong><\/p>\n<p><strong>\u00a0<\/strong><\/p>\n<p>[\/et_pb_text][\/et_pb_column][\/et_pb_row][\/et_pb_section]<\/p>\n","protected":false},"excerpt":{"rendered":"<p>ImpresszumC\u00e9gn\u00e9v: Piedl Kft. C\u00e9g sz\u00e9khelye: 8200 Veszpr\u00e9m, Gladsaxe u. 4. C\u00e9gforma: Korl\u00e1tolt Felel\u0151s\u00e9g\u0171 T\u00e1rsas\u00e1g Telefonsz\u00e1m: +36 88\u00a0576 500 Faxsz\u00e1m: + 36 88\u00a0576 501 E-mail: skoda@autopiedl.hu C\u00e9gjegyz\u00e9ksz\u00e1m: 19-09-500\u00a0436 Ad\u00f3sz\u00e1m: 10665497-2-19 KSH-azonos\u00edt\u00f3: 10665497-4511-113-19 Banksz\u00e1mlasz\u00e1m: 10920002-00000004-80200008 UST-ID: HU10665497 Eur\u00f3pai Egyedi Azonos\u00edt\u00f3: HUOCCSZ.19-09-500436 IBAN sz\u00e1m: HU24 1092 0002 0000 0004 8020 0008 BIC: BACXHUHB Joghat\u00f3s\u00e1g: Veszpr\u00e9mi T\u00f6rv\u00e9nysz\u00e9k C\u00e9gb\u00edr\u00f3s\u00e1ga B\u00e9k\u00e9ltet\u0151 [&hellip;]<\/p>\n","protected":false},"author":1,"featured_media":0,"parent":0,"menu_order":0,"comment_status":"closed","ping_status":"closed","template":"","meta":{"_et_pb_use_builder":"on","_et_pb_old_content":"","_et_gb_content_width":"","footnotes":""},"class_list":["post-239","page","type-page","status-publish","hentry"],"yoast_head":"<!-- This site is optimized with the Yoast SEO plugin v27.4 - https:\/\/yoast.com\/product\/yoast-seo-wordpress\/ -->\n<title>Impresszum - Piedl Flotta<\/title>\n<meta name=\"robots\" content=\"index, follow, max-snippet:-1, max-image-preview:large, max-video-preview:-1\" \/>\n<link rel=\"canonical\" href=\"https:\/\/piedlflotta.hu\/index.php\/impresszum\/\" \/>\n<meta property=\"og:locale\" content=\"hu_HU\" \/>\n<meta property=\"og:type\" content=\"article\" \/>\n<meta property=\"og:title\" content=\"Impresszum - Piedl Flotta\" \/>\n<meta property=\"og:description\" content=\"ImpresszumC\u00e9gn\u00e9v: Piedl Kft. C\u00e9g sz\u00e9khelye: 8200 Veszpr\u00e9m, Gladsaxe u. 4. C\u00e9gforma: Korl\u00e1tolt Felel\u0151s\u00e9g\u0171 T\u00e1rsas\u00e1g Telefonsz\u00e1m: +36 88\u00a0576 500 Faxsz\u00e1m: + 36 88\u00a0576 501 E-mail: skoda@autopiedl.hu C\u00e9gjegyz\u00e9ksz\u00e1m: 19-09-500\u00a0436 Ad\u00f3sz\u00e1m: 10665497-2-19 KSH-azonos\u00edt\u00f3: 10665497-4511-113-19 Banksz\u00e1mlasz\u00e1m: 10920002-00000004-80200008 UST-ID: HU10665497 Eur\u00f3pai Egyedi Azonos\u00edt\u00f3: HUOCCSZ.19-09-500436 IBAN sz\u00e1m: HU24 1092 0002 0000 0004 8020 0008 BIC: BACXHUHB Joghat\u00f3s\u00e1g: Veszpr\u00e9mi T\u00f6rv\u00e9nysz\u00e9k C\u00e9gb\u00edr\u00f3s\u00e1ga B\u00e9k\u00e9ltet\u0151 [&hellip;]\" \/>\n<meta property=\"og:url\" content=\"https:\/\/piedlflotta.hu\/index.php\/impresszum\/\" \/>\n<meta property=\"og:site_name\" content=\"Piedl Flotta\" \/>\n<meta property=\"article:modified_time\" content=\"2022-03-24T20:33:15+00:00\" \/>\n<meta name=\"twitter:card\" content=\"summary_large_image\" \/>\n<script type=\"application\/ld+json\" class=\"yoast-schema-graph\">{\"@context\":\"https:\\\/\\\/schema.org\",\"@graph\":[{\"@type\":\"WebPage\",\"@id\":\"https:\\\/\\\/piedlflotta.hu\\\/index.php\\\/impresszum\\\/\",\"url\":\"https:\\\/\\\/piedlflotta.hu\\\/index.php\\\/impresszum\\\/\",\"name\":\"Impresszum - Piedl Flotta\",\"isPartOf\":{\"@id\":\"https:\\\/\\\/piedlflotta.hu\\\/#website\"},\"datePublished\":\"2022-03-18T21:16:00+00:00\",\"dateModified\":\"2022-03-24T20:33:15+00:00\",\"breadcrumb\":{\"@id\":\"https:\\\/\\\/piedlflotta.hu\\\/index.php\\\/impresszum\\\/#breadcrumb\"},\"inLanguage\":\"hu\",\"potentialAction\":[{\"@type\":\"ReadAction\",\"target\":[\"https:\\\/\\\/piedlflotta.hu\\\/index.php\\\/impresszum\\\/\"]}]},{\"@type\":\"BreadcrumbList\",\"@id\":\"https:\\\/\\\/piedlflotta.hu\\\/index.php\\\/impresszum\\\/#breadcrumb\",\"itemListElement\":[{\"@type\":\"ListItem\",\"position\":1,\"name\":\"Kezd\u0151lap\",\"item\":\"https:\\\/\\\/piedlflotta.hu\\\/\"},{\"@type\":\"ListItem\",\"position\":2,\"name\":\"Impresszum\"}]},{\"@type\":\"WebSite\",\"@id\":\"https:\\\/\\\/piedlflotta.hu\\\/#website\",\"url\":\"https:\\\/\\\/piedlflotta.hu\\\/\",\"name\":\"Piedl Flotta\",\"description\":\"Rent a Car\",\"potentialAction\":[{\"@type\":\"SearchAction\",\"target\":{\"@type\":\"EntryPoint\",\"urlTemplate\":\"https:\\\/\\\/piedlflotta.hu\\\/?s={search_term_string}\"},\"query-input\":{\"@type\":\"PropertyValueSpecification\",\"valueRequired\":true,\"valueName\":\"search_term_string\"}}],\"inLanguage\":\"hu\"}]}<\/script>\n<!-- \/ Yoast SEO plugin. -->","yoast_head_json":{"title":"Impresszum - Piedl Flotta","robots":{"index":"index","follow":"follow","max-snippet":"max-snippet:-1","max-image-preview":"max-image-preview:large","max-video-preview":"max-video-preview:-1"},"canonical":"https:\/\/piedlflotta.hu\/index.php\/impresszum\/","og_locale":"hu_HU","og_type":"article","og_title":"Impresszum - Piedl Flotta","og_description":"ImpresszumC\u00e9gn\u00e9v: Piedl Kft. C\u00e9g sz\u00e9khelye: 8200 Veszpr\u00e9m, Gladsaxe u. 4. C\u00e9gforma: Korl\u00e1tolt Felel\u0151s\u00e9g\u0171 T\u00e1rsas\u00e1g Telefonsz\u00e1m: +36 88\u00a0576 500 Faxsz\u00e1m: + 36 88\u00a0576 501 E-mail: skoda@autopiedl.hu C\u00e9gjegyz\u00e9ksz\u00e1m: 19-09-500\u00a0436 Ad\u00f3sz\u00e1m: 10665497-2-19 KSH-azonos\u00edt\u00f3: 10665497-4511-113-19 Banksz\u00e1mlasz\u00e1m: 10920002-00000004-80200008 UST-ID: HU10665497 Eur\u00f3pai Egyedi Azonos\u00edt\u00f3: HUOCCSZ.19-09-500436 IBAN sz\u00e1m: HU24 1092 0002 0000 0004 8020 0008 BIC: BACXHUHB Joghat\u00f3s\u00e1g: Veszpr\u00e9mi T\u00f6rv\u00e9nysz\u00e9k C\u00e9gb\u00edr\u00f3s\u00e1ga B\u00e9k\u00e9ltet\u0151 [&hellip;]","og_url":"https:\/\/piedlflotta.hu\/index.php\/impresszum\/","og_site_name":"Piedl Flotta","article_modified_time":"2022-03-24T20:33:15+00:00","twitter_card":"summary_large_image","schema":{"@context":"https:\/\/schema.org","@graph":[{"@type":"WebPage","@id":"https:\/\/piedlflotta.hu\/index.php\/impresszum\/","url":"https:\/\/piedlflotta.hu\/index.php\/impresszum\/","name":"Impresszum - Piedl Flotta","isPartOf":{"@id":"https:\/\/piedlflotta.hu\/#website"},"datePublished":"2022-03-18T21:16:00+00:00","dateModified":"2022-03-24T20:33:15+00:00","breadcrumb":{"@id":"https:\/\/piedlflotta.hu\/index.php\/impresszum\/#breadcrumb"},"inLanguage":"hu","potentialAction":[{"@type":"ReadAction","target":["https:\/\/piedlflotta.hu\/index.php\/impresszum\/"]}]},{"@type":"BreadcrumbList","@id":"https:\/\/piedlflotta.hu\/index.php\/impresszum\/#breadcrumb","itemListElement":[{"@type":"ListItem","position":1,"name":"Kezd\u0151lap","item":"https:\/\/piedlflotta.hu\/"},{"@type":"ListItem","position":2,"name":"Impresszum"}]},{"@type":"WebSite","@id":"https:\/\/piedlflotta.hu\/#website","url":"https:\/\/piedlflotta.hu\/","name":"Piedl Flotta","description":"Rent a Car","potentialAction":[{"@type":"SearchAction","target":{"@type":"EntryPoint","urlTemplate":"https:\/\/piedlflotta.hu\/?s={search_term_string}"},"query-input":{"@type":"PropertyValueSpecification","valueRequired":true,"valueName":"search_term_string"}}],"inLanguage":"hu"}]}},"_links":{"self":[{"href":"https:\/\/piedlflotta.hu\/index.php\/wp-json\/wp\/v2\/pages\/239","targetHints":{"allow":["GET"]}}],"collection":[{"href":"https:\/\/piedlflotta.hu\/index.php\/wp-json\/wp\/v2\/pages"}],"about":[{"href":"https:\/\/piedlflotta.hu\/index.php\/wp-json\/wp\/v2\/types\/page"}],"author":[{"embeddable":true,"href":"https:\/\/piedlflotta.hu\/index.php\/wp-json\/wp\/v2\/users\/1"}],"replies":[{"embeddable":true,"href":"https:\/\/piedlflotta.hu\/index.php\/wp-json\/wp\/v2\/comments?post=239"}],"version-history":[{"count":4,"href":"https:\/\/piedlflotta.hu\/index.php\/wp-json\/wp\/v2\/pages\/239\/revisions"}],"predecessor-version":[{"id":345,"href":"https:\/\/piedlflotta.hu\/index.php\/wp-json\/wp\/v2\/pages\/239\/revisions\/345"}],"wp:attachment":[{"href":"https:\/\/piedlflotta.hu\/index.php\/wp-json\/wp\/v2\/media?parent=239"}],"curies":[{"name":"wp","href":"https:\/\/api.w.org\/{rel}","templated":true}]}}